b + 5*b. Let t be (3 - b - -8)*(-57)/(-6). Suppose 0 = -5*h - t + 690. List the prime factors of h.
7, 17
Let c(r) be the first derivative of 3*r**4/4 + 2*r**3/3 + 11*r**2/2 - 21*r - 87. What are the prime factors of c(5)?
3, 17
Suppose -46*g - 193930 = -488425 - 168771. List the prime factors of g.
3, 373
Let y be (-6)/(-21) - (-240)/(-56). Let g(i) = 25*i**2 + 3*i - 3. Let v be g(2). What are the prime factors of v - (-2)/(y*(-3)/6)?
2, 13
Suppose -2*o + 235 = -0*o - k, 3*o = 2*k + 355. Let y = -351 + 353. Suppose 0 = y*l + o - 529. What are the prime factors of l?
3, 23
Suppose 3*l + 37 = 19. What are the prime factors of (l - 72/(-6)) + 434?
2, 5, 11
Let g(a) = 1860*a - 2636. What are the prime factors of g(25)?
2, 5483
What are the prime factors of (22902/10)/(148/740)?
3, 11, 347
Let n = -56 - -59. List the prime factors of 887 - (4 - 4) - n.
2, 13, 17
Suppose 3*f - 2319 = -3*g, 7*f = 8*f + 5*g - 757. Suppose 0*d - f = -2*l - 3*d, 4*l - 1499 = 5*d. What are the prime factors of l?
3, 127
Let s(n) = -4329*n + 4. List the prime factors of s(-1).
7, 619
Let v(x) = 14*x**2 - 50*x + 144. List the prime factors of v(-25).
2, 317
Let v be 4/3 + 17*(-1)/(-3). Suppose 2876 = v*f + 461. What are the prime factors of f?
3, 5, 23
Let w(d) = -31*d - 90. Let x(f) = 30*f + 64. Let k(r) = 3*w(r) + 4*x(r). Suppose -3*u = 2*u - 25. What are the prime factors of k(u)?
11
Let d(c) = 7*c + 26 + 8*c + 21 + 9*c + c**2. Let r be d(-22). Suppose -k - 177 - 194 = -r*s, -k = s - 117. What are the prime factors of s?
2, 61
Suppose y - 56 = -4*j - 2*y, -3*j = -3*y - 21. Let f be (-3)/(-2)*-72*j/1. What are the prime factors of (f/24)/((-1)/6)?
3, 11
Let c = 365 - 362. Suppose 7*y + c*y = 8510. What are the prime factors of y?
23, 37
Let d = -171 - -225. Suppose -59*q + d*q + 775 = 0. List the prime factors of q.
5, 31
Let w(n) = 6*n**3 - 42*n + 275. List the prime factors of w(7).
2039
Let v = -2473 + 3804. Let o = v + -269. What are the prime factors of o?
2, 3, 59
Suppose 6 + 18 = 6*c. Suppose c*x = 2*x + s + 33, -35 = -2*x - s. What are the prime factors of ((-150)/40)/(1 - x/16)?
2, 3, 5
What are the prime factors of (-2)/(-15) + (1953512/(-165))/(-4)?
2, 5, 37
Let q(i) = 66*i + 2687. What are the prime factors of q(-9)?
7, 13, 23
Let r(f) = f**3 - 5*f**2 - 15*f. Let t be r(7). What are the prime factors of 5 + -39*t/21?
2, 3
Let x(s) = 6099*s + 2515. List the prime factors of x(6).
7, 37, 151
Let h = 34126 + -23760. List the prime factors of h.
2, 71, 73
Suppose 10*p = 8*p - 40. Let t = 8 - p. Let c = 171 + t. List the prime factors of c.
199
Suppose -r = 3*n + 19, -4*n = 5*r + 21 + 30. Let q(b) = b + 1. Let f(d) = -18*d + 58. Let y(i) = f(i) - 4*q(i). List the prime factors of y(r).
2, 13
Let g be -2*(105/(-10))/7. List the prime factors of (g/(36/(-8)))/(1/(-18)).
2, 3
Let c = 67 - 62. Let v(f) = 122*f - 164. List the prime factors of v(c).
2, 223
Let r(p) = 11*p**2 + 1. Let f be r(-1). Suppose f*z - 2*z - 4640 = 0. List the prime factors of z.
2, 29
Let r(u) = 24*u**3 - 20*u**2 - 10*u - 6. List the prime factors of r(5).
2, 13, 47
Suppose 0 = -44*o + 12*o + 84404 + 98508. What are the prime factors of o?
2, 1429
Let r = 3940 + -2894. List the prime factors of r.
2, 523
Let f = 5329 - 3629. Suppose -2*t + f = 8*t. What are the prime factors of t?
2, 5, 17
Suppose p - 4*p - 1137 = -5*z, 5*p + 695 = 3*z. Let u = z + -39. List the prime factors of u.
2, 3, 31
Suppose 15096 = 5*i + 3*q + 3308, 3*q - 7074 = -3*i. List the prime factors of i.
2357
Suppose 2*y + 4*o = 18, 0 - 5 = -5*o. Suppose 17 = h + y. What are the prime factors of 1 + -5 + (4 + 0)*h?
2, 3
Let h be -1 + -5 + 3 + 46. Suppose 3*i = 7*s - 5*s + 12, 5*i + 4*s + 2 = 0. Suppose 0 = -r - 3*o + 23, r = 2*r - i*o - h. What are the prime factors of r?
5, 7
Let a(r) = -r**3 - 11*r**2 - 11*r - 8. Suppose 24 = -5*b - 26. Let n be a(b). List the prime factors of n/(-7) - (-2050)/70 - -3.
2
Let d = 55 - 54. Suppose 2*k + 3*b - 12 = 0, 3*k - 4*k + 5*b - 20 = 0. What are the prime factors of (d/(-2))/((-5)/890 + k)?
89
Suppose 8278 = 17*k - 7226. Let f = k + 322. What are the prime factors of f?
2, 617
Let z(x) be the first derivative of 2*x**3/3 - 17*x**2 + x - 194. List the prime factors of z(26).
7, 67
Suppose -13184884 + 3342048 = -92*p - 42*p. What are the prime factors of p?
2, 19, 1933
Suppose -246 = -12*p + 30. Suppose -3*l + p*l = 3380. List the prime factors of l.
13
Suppose -16 = 3*l - 10. Let f be (-730)/20*(-11 - (l - -1)). Let h = f - 244. What are the prime factors of h?
11
Let j(g) = 3*g**2 + 2*g - 3. Let r be j(1). Suppose -36 = -4*x - 5*v, 3*v - 10 = x - r. List the prime factors of (-6)/x*(-8)/3.
2
What are the prime factors of 39992 + 49/(147/48)?
2, 3, 1667
Let x(k) = -200*k**2 + 1. Let h be x(1). Let z be h/(-2)*(-2)/(-1). Suppose 11*f = z - 34. List the prime factors of f.
3, 5
Let x = 2 + -9. Let g be 1 - -2 - (-118 + x + 6). Let r = 212 - g. List the prime factors of r.
2, 3, 5
Suppose -10*u + 14290 = 3*o - 14*u, 2*o - 2*u = 9528. What are the prime factors of o?
2, 2383
List the prime factors of 105405/20*(-4 + 80/15).
7027
Let h = 42069 - 28068. List the prime factors of h.
3, 13, 359
Let w(y) = -926*y**3 - y**2 + 211*y + 617. What are the prime factors of w(-3)?
24977
Suppose a + l + 5 = 0, -20*a + 5*l + 9 = -23*a. Let j(g) = -144*g - 253. What are the prime factors of j(a)?
29, 31
Let o(w) = -2*w - 8. Let z be o(-5). Suppose z*u + 15 = 5*k - u, u = 0. Suppose 0 = -k*m + 160 + 122. List the prime factors of m.
2, 47
Let o = 49 + -40. Let h(a) = -2*a**2 + 7*a + 13. Let v be h(o). Let u = -10 - v. List the prime factors of u.
2, 19
Suppose -2994 = 340*j - 343*j. Suppose 3*n = o + 335 + j, -4*n + 3*o = -1779. List the prime factors of n.
2, 3, 37
List the prime factors of ((-5658)/276)/(939/(-2790) + (-1)/(-3)).
5, 31, 41
Let c = 93 - 395. Let k = c + 489. Suppose -4*j - 16 = 0, a - k = -2*a - 2*j. List the prime factors of a.
5, 13
Let s(k) = -7*k + 9. Let y(x) = -x**2 + 12*x - 2. Let l be y(13). Let p be s(l). Suppose 646 = 4*t + p. What are the prime factors of t?
7, 19
Let f = -23 - -35. Suppose 3*p = -0*p + f. Suppose -j - 5*d + 18 + 53 = 0, -4*d - 404 = -p*j. What are the prime factors of j?
2, 3
Let t(v) = -6*v + 24. Suppose 20 = 4*y + y. Suppose 3*a + 101 = -3*m + 5, -70 = 2*a + y*m. List the prime factors of t(a).
2, 3, 11
Let b(o) = 600*o + 3497. What are the prime factors of b(36)?
25097
Suppose -4*f = 2*m - 20, 0*m + 2*m - 32 = -f. Let r(g) = -25 + m*g - 18*g + 18*g. List the prime factors of r(8).
7, 17
Let y be 22/(-4)*2*6. Suppose -59*l - 29*l + 190 = 7*l. What are the prime factors of (y/(-15))/((l/(-5))/(-2))?
2, 11
Let u(q) = 47*q + 256. Let y be u(8). Let n = y + 890. List the prime factors of n.
2, 761
Let h = 10458 - 427. List the prime factors of h.
7, 1433
Suppose 0 = -5*m + 2 + 8. Let j be (-11300)/(-60) - m/(-3). Let p = j + -118. What are the prime factors of p?
71
Suppose -11*h = -8*h - 5*g + 4, -2*g - 2 = -3*h. Let w(l) = 25*l**3 + 2*l**2 - 1. List the prime factors of w(h).
3, 23
Let f(q) = 9*q**2 - 410*q - 240. List the prime factors of f(-19).
10799
Let b(z) = -z**3 - 32*z**2 - 35*z - 32. Let j(l) = l**3 + 33*l**2 + 35*l + 29. Let w(x) = -6*b(x) - 5*j(x). What are the prime factors of w(-22)?
1697
Let u = 556 + -555. What are the prime factors of 346/(u*(-1)/(-4))?
2, 173
Let d(b) = 3*b**2 - b**3 - 517 - b**2 + 520 + b. Let u be d(3). What are the prime factors of ((-3)/(-2))/(u/(-32))?
2
Let x(s) = s + 50. Let a be x(8). Suppose -49*k - 6435 = -a*k. List the prime factors of k.
5, 11, 13
Let g(y) = 6*y + 21 - y + 3*y**3 - 2*y**3 - 6*y**2 - 30. Let r(m) = 3*m - 30. Let j be r(12). What are the prime factors of g(j)?
3, 7
Let n(c) = -15 + 9*c + c + 0*c + 4*c**2 - c**3. Let m be n(5). Suppose m*k - 679 = 3*k. What are the prime factors of k?
97
Let d be 14247*-5*(-1)/15. Suppose 0 = 7*o + d - 14591. List the prime factors of o.
2, 19, 37
Let f(j) = -300*j + 1226. List the prime factors of f(-13).
2, 11, 233
Let l = -1078 - -1081. Let p = -8 + 3. What are the prime factors of 2/((-2)/75)*p/l?
5
Let r = -22706 - -23315. List the prime factors of r.
3, 7, 29
Let k(p) = 8*p - 39. Let r be k(8). Suppose -r*o + 29*o = 948. List the prime factors of o.
3, 79
Let